{"id":135,"date":"2019-12-18T01:42:05","date_gmt":"2019-12-18T00:42:05","guid":{"rendered":"http:\/\/bcs-conseils.com\/?page_id=135"},"modified":"2024-02-07T12:34:52","modified_gmt":"2024-02-07T11:34:52","slug":"programmes","status":"publish","type":"page","link":"http:\/\/bcs-conseils.com\/index.php\/programmes\/","title":{"rendered":"Programmes"},"content":{"rendered":"<p>Nous r\u00e9alisons les formations dont vous avez besoin. Faites nous part de vos envies, nous r\u00e9pondrons \u00e0 votre demande!<\/p>\n<p>Nous intervenons dans tous les domaines de ce que l&rsquo;on appelle les \u00ab\u00a0soft skills\u00a0\u00bb pour les Managers et les personnes en contact direct avec la client\u00e8le.<\/p>\n<p style=\"text-align: center;\"><strong><em>Nous d\u00e9veloppons le savoir \u00eatre \/ la posture \/ le comportemental<\/em><\/strong>.<\/p>\n<p>Aujourd&rsquo;hui la s\u00e9lection pour un poste se fait au del\u00e0 des comp\u00e9tences techniques, sur la personnalit\u00e9 et les talents en terme de <strong>communication<\/strong>, d&rsquo;<strong>empathie<\/strong>, d&rsquo;<strong>assertivit\u00e9<\/strong> et autre <strong>intelligence \u00e9motionnelle<\/strong>. C&rsquo;est ce qui va permettre de modeler l&rsquo;ambiance et la QVT au sein d&rsquo;une \u00e9quipe, avec des postures adapt\u00e9es aux diff\u00e9rents postes. C&rsquo;est une des clefs de la performance pour une \u00e9quipe et une entreprise.<\/p>\n<p><strong>D\u00e9veloppement personnel \/ Management \/ Relation clients \/ Relation commerciale \/ Vente \/<\/strong> &#8230;\u00a0 Autant de domaines dans lesquels nous intervenons.<\/p>\n<ul>\n<li>Voici deux exemples de programmes que nous vous proposons :<\/li>\n<\/ul>\n<h2 class=\"program-title\">Formation : <strong>MANAGER EN MODE HYBRIDE<\/strong><\/h2>\n<h5><strong><span style=\"text-decoration: underline;\">Public concern\u00e9<\/span><\/strong> :<br \/>\n&gt; Cette formation s&rsquo;adresse aux managers qui encadrent des collaborateurs sur site et d&rsquo;autres en t\u00e9l\u00e9travail<\/h5>\n<h5><strong><span style=\"text-decoration: underline;\">Pr\u00e9requis<\/span>\u00a0<\/strong>:<br \/>\n&gt; Avoir de bonnes notions de management, id\u00e9alement vous avez suivi un cursus de formation au management \/ leadership.<\/h5>\n<h5><span style=\"text-decoration: underline;\"><strong>&gt; Objectifs <\/strong>:<br \/>\n<\/span>\u2022 Adapter son management au travail en mode hybride<br \/>\n\u2022 Appr\u00e9hender les profils collaborateurs et valoriser le collectif<br \/>\n\u2022 Maintenir la qualit\u00e9 du lien relationnel et la coh\u00e9sion des \u00e9quipes hybrides<br \/>\n\u2022 accompagner ses collaborateurs de mani\u00e8re individuelle et collective<\/h5>\n<h5><strong><span style=\"text-decoration: underline;\">Dur\u00e9e<\/span> <\/strong>:\u00a0 1 journ\u00e9e (7h)<br \/>\n<strong><span style=\"text-decoration: underline;\">Accessibilit\u00e9<\/span><\/strong> : puisque le sujet est le management en mode Hybride la formation se d\u00e9roule en Visio via Teams ou Zoom (Accessible personnes handicap\u00e9es)<\/h5>\n<h5><strong><span style=\"text-decoration: underline;\">Programme :<\/span><\/strong><\/h5>\n<h5 class=\"program-title\"><strong>Adapter son management au travail hybride<\/strong><\/h5>\n<div class=\"program-content\">&#8211; Conna\u00eetre le cadre l\u00e9gal du t\u00e9l\u00e9travail<br \/>\n&#8211; Distinguer les diff\u00e9rents r\u00f4les du manager \u00e0 distance\/hybride<br \/>\n&#8211; Se conna\u00eetre en tant que manager \u00e0 distance<br \/>\n&#8211; Avantages\/inconv\u00e9nients du management en pr\u00e9sentiel\/distanciel<br \/>\n&#8211; Adapter sa posture au management hybride<br \/>\n&#8211; Piloter l\u2019activit\u00e9 \u00e0 distance<br \/>\n&#8211; Conna\u00eetre des outils collaboratifs \u00e0 distance : mat\u00e9riel vid\u00e9o, logiciel de visio,\u2026<\/div>\n<div>Bilan\/questions\/tour de table<\/div>\n<h5 class=\"program-title\"><strong>Appr\u00e9hender les profils des collaborateurs et valoriser le collectif<\/strong><\/h5>\n<div class=\"program-content\">&#8211; Identifier le profil de ses collaborateurs dans un contexte de t\u00e9l\u00e9travail\/t\u00e9l\u00e9travail + pr\u00e9sentiel<br \/>\n&#8211; Agir en fonction du profil<br \/>\n&#8211; Identifier les enjeux du t\u00e9l\u00e9travail\/travail hybride pour l\u2019\u00e9quipe<br \/>\n&#8211; Faire \u00e9merger une vision partag\u00e9e du futur<br \/>\n&#8211; Encourager la coop\u00e9ration \u00e0 distance<br \/>\n&#8211; Cr\u00e9er des rites d\u2019\u00e9quipes<\/div>\n<div>Bilan\/questions\/tour de table<\/div>\n<h5 class=\"program-title\"><strong>Maintenir la qualit\u00e9 du lien relationnel et la coh\u00e9sion des \u00e9quipes hybrides<\/strong><\/h5>\n<div class=\"program-content\">&#8211; Organiser des r\u00e9unions hybrides<br \/>\n&#8211; Impliquer sur des projets collectifs ambitieux<br \/>\n&#8211; Mettre en \u0153uvre l\u2019intelligence collective<br \/>\n&#8211; Pratiquer l\u2019art du feedback : \u00e9tapes et pi\u00e8ges \u00e0 \u00e9viter<br \/>\n&#8211; Nourrir la motivation et responsabiliser<\/div>\n<div>Bilan\/questions\/tour de table<\/div>\n<h5 class=\"program-title\"><strong>Accompagner ses collaborateurs de mani\u00e8re individuelle et collective<\/strong><\/h5>\n<div class=\"program-content\">&#8211; Conna\u00eetre l\u2019impact psychologique du changement et du retour au bureau<br \/>\n&#8211; Comprendre les valeurs et besoins de ses collaborateurs<br \/>\n&#8211; Donner du sens<br \/>\n&#8211; Contagions \u00e9motionnelles : r\u00f4le du leader<br \/>\n&#8211; G\u00e9rer la complexit\u00e9 et l\u2019impr\u00e9vu<br \/>\n&#8211; Penser en mode r\u00e9seau : autorit\u00e9 partag\u00e9e<\/div>\n<div>Bilan\/questions\/tour de table<\/div>\n<div>\n<h5><span style=\"text-decoration: underline;\"><strong>M\u00e9thodes P\u00e9dagogiques<\/strong> :<\/span><\/h5>\n<h5>&gt; Cette formation alterne apports th\u00e9oriques et m\u00e9thodologiques, cas concrets, exercices et des conseils pratiques cibl\u00e9s sur les probl\u00e9matiques personnelles des participants<\/h5>\n<p><strong><span style=\"text-decoration: underline;\"> Validation des acquis\/ \u00e9valuation des objectifs de la formation<\/span><\/strong><br \/>\n\u2022 Questionnaire de fin de stage<br \/>\n\u2022 Tour de table des tableaux KISS<\/p>\n<p>&gt; Attestation de formation de fin de stage<br \/>\n<strong><span style=\"text-decoration: underline;\">Formateur<\/span> <\/strong>: Consultant Expert en Management<br \/>\n<strong><span style=\"text-decoration: underline;\">Dates<\/span> <\/strong>:\u00a0elles sont \u00e0 d\u00e9finir avec vos services en fonction des disponibilit\u00e9s des participants<br \/>\n<strong><span style=\"text-decoration: underline;\">Tarif<\/span><\/strong> :\u00a0 1 000,00 \u20ac HT<\/p>\n<p>Pour toute demande de prestation, nous vous invitons \u00e0 nous contacter directement par mail ou par t\u00e9l\u00e9phone (cf. <a href=\"http:\/\/bcs-conseils.com\/index.php\/thomas-lorette\/\">Contact<\/a>).<\/p>\n<\/div>\n<div>\n<hr \/>\n<\/div>\n<h2><strong>Formation : S&rsquo;AFFIRMER SEREINEMENT : l&rsquo;ASSERTIVITE<\/strong><\/h2>\n<h5><span style=\"text-decoration: underline;\">Public concern\u00e9<\/span> :<br \/>\n&gt; Tout public souhaitant \u00e9tablir et d\u00e9velopper des relations constructives y compris en situation de conflit de la vie quotidienne en entreprise.<\/h5>\n<h5><span style=\"text-decoration: underline;\">Pr\u00e9requis<\/span> : Aucun<\/h5>\n<h5><strong>&gt; <span style=\"text-decoration: underline;\">Objectifs<\/span> <\/strong>:<br \/>\n\u2022 Ma\u00eetriser l\u2019assertivit\u00e9 &amp; gagner en confiance et en aisance relationnelle<br \/>\n\u2022 Exercer son autorit\u00e9 avec plus de diplomatie<br \/>\n\u2022 Limiter ses r\u00e9actions inefficaces dans les relations<br \/>\n\u2022 Faire face aux comportements des autres avec justesse<br \/>\n\u2022 Savoir dire non<br \/>\n\u2022 Formuler des demandes et critiques de mani\u00e8re constructive<br \/>\n\u2022 N\u00e9gocier et coop\u00e9rer plus ais\u00e9ment<\/h5>\n<blockquote><p><strong><span style=\"text-decoration: underline;\">Programme<\/span> :<\/strong><br \/>\n<em>\u00a0 \u00a0 \u00a0 \u00a01e partie\u00a0<\/em><br \/>\n1\/ Prendre sa propre photographie assertive<br \/>\n\u2022 Mieux conna\u00eetre son style relationnel par l&rsquo;autodiagnostic d&rsquo;assertivit\u00e9<br \/>\n\u2022 Rep\u00e9rer les conduites inefficaces: passivit\u00e9, agressivit\u00e9 et manipulation<br \/>\n\u2022 Mettre en \u0153uvre les cl\u00e9s pratiques qui renforcent son attitude assertive<br \/>\n2\/ R\u00e9pondre aux comportements d\u00e9stabilisants<br \/>\n\u2022 Cr\u00e9er des conditions pour pr\u00e9server les liens<br \/>\n\u2022 Conna\u00eetre les 4 dragons de la passivit\u00e9 et les parades appropri\u00e9es<br \/>\n\u2022 Faire face \u00e0 l&rsquo;agressivit\u00e9 par des techniques comportementales et corporelles ma\u00eetris\u00e9es<br \/>\n\u2022 Rep\u00e9rer et d\u00e9samorcer les manipulations de la vie quotidienne<br \/>\n3\/ Exprimer une critique constructive<br \/>\n\u2022 Pr\u00e9parer sa critique avec \u00ab\u00a0les niveaux d&rsquo;ouverture\u00a0\u00bb et des techniques corporelles<br \/>\n\u2022 S&rsquo;entra\u00eener \u00e0 la formulation assertive en toutes circonstances<br \/>\n4\/ Savoir demander<br \/>\n\u2022 Se pr\u00e9parer mentalement et physiquement<br \/>\n\u2022 Oser demander en ma\u00eetrisant le verbale et le comportementale<br \/>\n\u2022 S&rsquo;entra\u00eener aux diff\u00e9rentes \u00e9tapes m\u00e9thodologiques<br \/>\n5\/ Muscler sa confiance en soi<br \/>\n\u2022 Neutraliser l&rsquo;impact des pens\u00e9es n\u00e9gatives<br \/>\n\u2022 D\u00e9velopper sa proactivit\u00e9<br \/>\n\u2022 Nourrir l&rsquo;estime de soi-m\u00eame<br \/>\n\u2022 Savoir dire non lorsque c&rsquo;est n\u00e9cessaire<br \/>\n6\/ D\u00e9velopper sa stabilit\u00e9 \u00e9motionnelle et physique<br \/>\n\u2022 Pratiquer des exercices respiratoires<br \/>\n\u2022 S&rsquo;entra\u00eener \u00e0 se concentrer physiquement<br \/>\n7\/ Consolider les acquis pendant l&rsquo;intersession<\/p><\/blockquote>\n<p style=\"padding-left: 40px;\">\u00a0 \u00a0 \u00a0Bilan\/questions\/tour de table<\/p>\n<p style=\"padding-left: 40px;\"><em>\u00a0 \u00a0 \u00a02e partie\u00a0<\/em><\/p>\n<p style=\"padding-left: 40px;\">Validation des acquis de la session pr\u00e9c\u00e9dente<br \/>\nG\u00e9rer les tensions<br \/>\n1\/ G\u00e9rer les sous-entendus et les critiques<br \/>\n\u2022 Identifier ses domaines de susceptibilit\u00e9.<br \/>\n\u2022 Transformer les critiques en informations utiles.<br \/>\n\u2022 Comprendre et d\u00e9samorcer les m\u00e9canismes qui cr\u00e9ent les malentendus.<br \/>\n\u2022 Acqu\u00e9rir des outils qui permettent la clarification et la transparence.<br \/>\n2\/ R\u00e9soudre les conflits durablement<br \/>\n\u2022 Rep\u00e9rer les sources de conflit.<br \/>\n\u2022 Identifier et lever les zones de blocages.<br \/>\n\u2022 S&rsquo;entra\u00eener \u00e0 sortir des conflits.<br \/>\n3\/ D\u00e9velopper des attitudes de n\u00e9gociation<br \/>\n\u2022 Adopter un comportement gagnant-gagnant.<br \/>\n\u2022 S&rsquo;entra\u00eener \u00e0 construire des solutions n\u00e9goci\u00e9es.<\/p>\n<p style=\"padding-left: 40px;\">\u00a0 \u00a0 \u00a0Bilan\/questions\/tour de table<\/p>\n<p><em>\u00a0 \u00a0 \u00a0 \u00a0 \u00a0 \u00a03e partie\u00a0<\/em><\/p>\n<p style=\"padding-left: 40px;\"><em>Validation des acquis\/ \u00e9valuation des objectifs de la formation<\/em><br \/>\n1\/ S&rsquo;entra\u00eener en jeu de r\u00f4le r\u00e9aliste sur \u00bd journ\u00e9e intensive<br \/>\n\u2022 Mettre \u00e0 l&rsquo;\u00e9preuve son assertivit\u00e9 avec un com\u00e9dien professionnel<br \/>\n\u2022 Ancrer ses nouvelles comp\u00e9tences<\/p>\n<p><span style=\"text-decoration: underline;\"><strong>M\u00e9thodes P\u00e9dagogiques<\/strong> :<\/span><\/p>\n<h5>&gt; Cette formation alterne apports th\u00e9oriques et m\u00e9thodologiques, cas concrets, exercices et des conseils pratiques cibl\u00e9s sur les probl\u00e9matiques personnelles des participants<\/h5>\n<p><strong><span style=\"text-decoration: underline;\"> Validation des acquis\/ \u00e9valuation des objectifs de la formation<\/span><\/strong><br \/>\n\u2022 Questionnaire de fin de stage<br \/>\n\u2022 Tour de table des tableaux KISS<\/p>\n<p>&gt; Attestation de formation de fin de stage<br \/>\n<strong><span style=\"text-decoration: underline;\">\u00a0Formateur<\/span> <\/strong>: Consultant Expert en Management<br \/>\n<strong><span style=\"text-decoration: underline;\">Dates<\/span> <\/strong>:\u00a0elles sont \u00e0 d\u00e9finir avec vos services en fonction des disponibilit\u00e9s des participants<br \/>\n<strong><span style=\"text-decoration: underline;\">Tarif<\/span><\/strong> :\u00a0\u00a03\u00a0000,00 \u20ac HT<\/p>\n<p>Nous intervenons directement dans l&rsquo;entreprise. Pour toute demande de prestation, nous vous invitons \u00e0 nous contacter directement par mail ou par t\u00e9l\u00e9phone (cf. <a href=\"http:\/\/bcs-conseils.com\/index.php\/thomas-lorette\/\">Contact<\/a>).<\/p>\n","protected":false},"excerpt":{"rendered":"<p>Nous r\u00e9alisons les formations dont vous avez besoin. Faites nous part de vos envies, nous r\u00e9pondrons \u00e0 votre demande! Nous intervenons dans tous les domaines de ce que l&rsquo;on appelle les \u00ab\u00a0soft skills\u00a0\u00bb pour les Managers et les personnes en &hellip; <a href=\"http:\/\/bcs-conseils.com\/index.php\/programmes\/\">Continuer la lecture <span class=\"meta-nav\">&rarr;<\/span><\/a><\/p>\n","protected":false},"author":1,"featured_media":0,"parent":0,"menu_order":0,"comment_status":"closed","ping_status":"closed","template":"","meta":{"footnotes":""},"_links":{"self":[{"href":"http:\/\/bcs-conseils.com\/index.php\/wp-json\/wp\/v2\/pages\/135"}],"collection":[{"href":"http:\/\/bcs-conseils.com\/index.php\/wp-json\/wp\/v2\/pages"}],"about":[{"href":"http:\/\/bcs-conseils.com\/index.php\/wp-json\/wp\/v2\/types\/page"}],"author":[{"embeddable":true,"href":"http:\/\/bcs-conseils.com\/index.php\/wp-json\/wp\/v2\/users\/1"}],"replies":[{"embeddable":true,"href":"http:\/\/bcs-conseils.com\/index.php\/wp-json\/wp\/v2\/comments?post=135"}],"version-history":[{"count":26,"href":"http:\/\/bcs-conseils.com\/index.php\/wp-json\/wp\/v2\/pages\/135\/revisions"}],"predecessor-version":[{"id":308,"href":"http:\/\/bcs-conseils.com\/index.php\/wp-json\/wp\/v2\/pages\/135\/revisions\/308"}],"wp:attachment":[{"href":"http:\/\/bcs-conseils.com\/index.php\/wp-json\/wp\/v2\/media?parent=135"}],"curies":[{"name":"wp","href":"https:\/\/api.w.org\/{rel}","templated":true}]}}