{"id":139,"date":"2019-12-18T02:20:59","date_gmt":"2019-12-18T01:20:59","guid":{"rendered":"http:\/\/bcs-conseils.com\/?page_id=139"},"modified":"2024-01-17T12:40:02","modified_gmt":"2024-01-17T11:40:02","slug":"handicaps","status":"publish","type":"page","link":"http:\/\/bcs-conseils.com\/index.php\/handicaps\/","title":{"rendered":"Handicaps"},"content":{"rendered":"<p>Accessibilit\u00e9 aux personnes handicap\u00e9es<\/p>\n<p>Nos formations se d\u00e9roulent g\u00e9n\u00e9ralement sur le lieu de travail des participants. Nous nous adaptons \u00e0 l&rsquo;environnement dans lequel nous intervenons.<\/p>\n<p>Si le handicap des participants n\u00e9cessite un mat\u00e9riel sp\u00e9cifique, nous en \u00e9tablissons la liste et v\u00e9rifions la disponibilit\u00e9 avec l&#8217;employeur en phase de pr\u00e9paration en amont de la formation.<\/p>\n<p>Pour les formations en dehors du lieu de travail, en fonction du handicap du participant, nous garantissons l&rsquo;accessibilit\u00e9 de la salle.<\/p>\n<p>Nous travaillons en partenariat avec <span class=\"fontstyle0\">Ex\u00e6quo Conseil qui est le r\u00e9f\u00e9rent handicap externalis\u00e9 du centre de formation. Nous sommes \u00e9paul\u00e9s d\u2019une personne ressource charg\u00e9e d\u2019accompagner le pilotage et la mise en \u0153uvre de l\u2019engagement du centre de formation dans la d\u00e9marche de progr\u00e8s pour d\u00e9velopper l\u2019accessibilit\u00e9 des formations aux stagiaires en situation de handicap.<\/span><\/p>\n<p><span class=\"fontstyle0\">Le r\u00e9f\u00e9rent handicap est l\u2019interlocuteur privil\u00e9gi\u00e9 des stagiaires en situation de handicap qui rencontrent des difficult\u00e9s \u00e0 r\u00e9aliser une formation au sein du centre de formation. Il apporte aux stagiaires concern\u00e9s des r\u00e9ponses personnalis\u00e9es et adapt\u00e9es \u00e0 leurs besoins et \u00e0 leur situation. Il coordonne \u00e9galement les acteurs de l\u2019accompagnement du stagiaire dans son parcours de formation.<\/span><\/p>\n<p>Pour toute demande de formation n\u00e9cessitant des dispositions sp\u00e9cifiques au handicap des participants, et pour lesquelles nous ne saurions pourvoir, nous avons \u00e9tabli un partenariat avec l&rsquo;AFPA (https:\/\/www.afpa.fr\/) ainsi qu&rsquo;avec un r\u00e9seau d&rsquo;experts (http:\/\/meras-network.com\/) nous permettant de trouver les solutions ad\u00e9quates.<\/p>\n<p>Nous sommes l\u00e0 pour vous accompagner.<\/p>\n","protected":false},"excerpt":{"rendered":"<p>Accessibilit\u00e9 aux personnes handicap\u00e9es Nos formations se d\u00e9roulent g\u00e9n\u00e9ralement sur le lieu de travail des participants. Nous nous adaptons \u00e0 l&rsquo;environnement dans lequel nous intervenons. Si le handicap des participants n\u00e9cessite un mat\u00e9riel sp\u00e9cifique, nous en \u00e9tablissons la liste et &hellip; <a href=\"http:\/\/bcs-conseils.com\/index.php\/handicaps\/\">Continuer la lecture <span class=\"meta-nav\">&rarr;<\/span><\/a><\/p>\n","protected":false},"author":1,"featured_media":0,"parent":0,"menu_order":0,"comment_status":"closed","ping_status":"closed","template":"","meta":{"footnotes":""},"_links":{"self":[{"href":"http:\/\/bcs-conseils.com\/index.php\/wp-json\/wp\/v2\/pages\/139"}],"collection":[{"href":"http:\/\/bcs-conseils.com\/index.php\/wp-json\/wp\/v2\/pages"}],"about":[{"href":"http:\/\/bcs-conseils.com\/index.php\/wp-json\/wp\/v2\/types\/page"}],"author":[{"embeddable":true,"href":"http:\/\/bcs-conseils.com\/index.php\/wp-json\/wp\/v2\/users\/1"}],"replies":[{"embeddable":true,"href":"http:\/\/bcs-conseils.com\/index.php\/wp-json\/wp\/v2\/comments?post=139"}],"version-history":[{"count":2,"href":"http:\/\/bcs-conseils.com\/index.php\/wp-json\/wp\/v2\/pages\/139\/revisions"}],"predecessor-version":[{"id":288,"href":"http:\/\/bcs-conseils.com\/index.php\/wp-json\/wp\/v2\/pages\/139\/revisions\/288"}],"wp:attachment":[{"href":"http:\/\/bcs-conseils.com\/index.php\/wp-json\/wp\/v2\/media?parent=139"}],"curies":[{"name":"wp","href":"https:\/\/api.w.org\/{rel}","templated":true}]}}

<p>Accessibilité aux personnes handicapées</p>
<p>Nos formations se déroulent généralement sur le lieu de travail des participants. Nous nous adaptons à l&rsquo;environnement dans lequel nous intervenons.</p>
<p>Si le handicap des participants nécessite un matériel spécifique, nous en établissons la liste et vérifions la disponibilité avec l&#8217;employeur en phase de préparation en amont de la formation.</p>
<p>Pour les formations en dehors du lieu de travail, en fonction du handicap du participant, nous garantissons l&rsquo;accessibilité de la salle.</p>
<p>Nous travaillons en partenariat avec <span class="fontstyle0">Exæquo Conseil qui est le référent handicap externalisé du centre de formation. Nous sommes épaulés d’une personne ressource chargée d’accompagner le pilotage et la mise en œuvre de l’engagement du centre de formation dans la démarche de progrès pour développer l’accessibilité des formations aux stagiaires en situation de handicap.</span></p>
<p><span class="fontstyle0">Le référent handicap est l’interlocuteur privilégié des stagiaires en situation de handicap qui rencontrent des difficultés à réaliser une formation au sein du centre de formation. Il apporte aux stagiaires concernés des réponses personnalisées et adaptées à leurs besoins et à leur situation. Il coordonne également les acteurs de l’accompagnement du stagiaire dans son parcours de formation.</span></p>
<p>Pour toute demande de formation nécessitant des dispositions spécifiques au handicap des participants, et pour lesquelles nous ne saurions pourvoir, nous avons établi un partenariat avec l&rsquo;AFPA (https://www.afpa.fr/) ainsi qu&rsquo;avec un réseau d&rsquo;experts (http://meras-network.com/) nous permettant de trouver les solutions adéquates.</p>
<p>Nous sommes là pour vous accompagner.</p>

<p>Accessibilité aux personnes handicapées Nos formations se déroulent généralement sur le lieu de travail des participants. Nous nous adaptons à l&rsquo;environnement dans lequel nous intervenons. Si le handicap des participants nécessite un matériel spécifique, nous en établissons la liste et &hellip; <a href="http://bcs-conseils.com/index.php/handicaps/">Continuer la lecture <span class="meta-nav">&rarr;</span></a></p>
