{"id":238,"date":"2022-04-12T01:28:19","date_gmt":"2022-04-11T23:28:19","guid":{"rendered":"http:\/\/bcs-conseils.com\/?page_id=238"},"modified":"2024-02-07T16:34:45","modified_gmt":"2024-02-07T15:34:45","slug":"conditions-generales","status":"publish","type":"page","link":"http:\/\/bcs-conseils.com\/index.php\/conditions-generales\/","title":{"rendered":"Conditions G\u00e9n\u00e9rales"},"content":{"rendered":"\n<p><strong>&gt; STAGES INTER ENTREPRISES<\/strong><\/p>\n\n\n\n<p><strong>Conditions de participation<\/strong><\/p>\n\n\n\n<p>Conform\u00e9ment \u00e0 la loi sur la formation professionnelle, les participants \u00e0 nos ateliers sont enregistr\u00e9s au fur et \u00e0 mesure de la r\u00e9ception de leur inscription et de la r\u00e9ception du r\u00e8glement correspondant<\/p>\n\n\n\n<p>Chaque participant re\u00e7oit sa convocation 15 jours avant le d\u00e9but de la session. Celle-ci pr\u00e9cise l\u2019adresse d\u00e9taill\u00e9e du lieu de formation et l\u2019heure d\u2019ouverture et de fermeture de session.<\/p>\n\n\n\n<p><strong>Conditions et moyens de paiement<\/strong><\/p>\n\n\n\n<p>Toute formation commenc\u00e9e est due en totalit\u00e9<\/p>\n\n\n\n<p>Votre bulletin d\u2019inscription doit \u00eatre accompagn\u00e9 du r\u00e8glement total de votre atelier ou de l\u2019accord de prise en charge de votre OPCO<\/p>\n\n\n\n<p>Par virement ou par ch\u00e8que \u00e0 l\u2019ordre de<\/p>\n\n\n\n<p>&gt; Business Consulting Services<\/p>\n\n\n\n<p>Organisme facturant, inscrit au registre de la formation professionnelle et soumis \u00e0 la TVA<\/p>\n\n\n\n<p>Facture adress\u00e9e en fin de stage<\/p>\n\n\n\n<p><strong>Annulations<\/strong><\/p>\n\n\n\n<ul>\n<li>Avant le stage :<\/li>\n<\/ul>\n\n\n\n<p>\u2013 re\u00e7ues plus de 15 jours avant le d\u00e9but du stage, les annulations sont accept\u00e9es et les inscriptions maintenues aux sessions suivantes ;<\/p>\n\n\n\n<p>\u2013 re\u00e7ues entre le 15e et le 7e jour ouvr\u00e9 avant le d\u00e9but du stage, elles entra\u00eenent le retenue de 20% du prix du stage pour frais de d\u00e9sistement ;<\/p>\n\n\n\n<p>\u2013 re\u00e7ues dans les 6 jours ouvr\u00e9s avant le d\u00e9but du stage, elles entra\u00eenent la retenue de 50% du prix du stage pour frais de d\u00e9sistement ;<\/p>\n\n\n\n<p>\u2013 re\u00e7ues dans les 48 heures, pr\u00e9c\u00e9dant la date du d\u00e9but de la formation, elles entra\u00eenent le paiement \u00e0 100%<\/p>\n\n\n\n<ul>\n<li>Apr\u00e8s le d\u00e9but du stage :<\/li>\n<\/ul>\n\n\n\n<p>\u2013 les demandes d\u2019annulation ou les absences, quel qu\u2019en soit le motif (autre que force majeur d\u00fbment reconnue), entra\u00eenent le r\u00e8glement de la totalit\u00e9 du prix du stage<\/p>\n\n\n\n<p>\u2013 en cas de financement total ou partiel du stage par un organisme tiers, et au cas o\u00f9 ce dernier n\u2019accepterait pas de payer la charge qui aurait \u00e9t\u00e9 la sienne&nbsp;<em>(absence, abandon\u2026)<\/em>, le co\u00fbt du stage est d\u00fb par l\u2019entreprise<\/p>\n\n\n\n<p>Toute annulation devra \u00eatre confirm\u00e9e par \u00e9crit, par e-mail ou par courrier. Un e-mail de r\u00e9ception vous sera adress\u00e9 en retour<\/p>\n\n\n\n<p>Pour des raisons p\u00e9dagogiques, si le nombre de participants est insuffisant, <strong>Business Consulting Services<\/strong> se r\u00e9serve le droit d\u2019ajourner le stage 10 jours avant la date pr\u00e9vue, les sommes vers\u00e9es sont alors rembours\u00e9es ou report\u00e9es sur la prochaine inscription selon le souhait du client<\/p>\n\n\n\n<p>Si une contestation ou un diff\u00e9rend n\u2019a pu \u00eatre r\u00e9gl\u00e9 \u00e0 l\u2019amiable, seul le Tribunal de Nanterre sera comp\u00e9tent pour r\u00e9gler le litige<\/p>\n\n\n\n<p><strong>Tarifs pr\u00e9f\u00e9rentiels<\/strong><\/p>\n\n\n\n<p>Nos tarifs \u00ab&nbsp;cl\u00e9 en main&nbsp;\u00bb sont indiqu\u00e9s sur chaque descriptif de formation (Cf <a href=\"http:\/\/bcs-conseils.com\/index.php\/programmes\/\">Programme<\/a>)<\/p>\n\n\n\n<p>Vous souhaitez r\u00e9f\u00e9rencer nos formations dans votre catalogue interne, contactez nous par mail : t.lorette@bcs-conseils.com <\/p>\n\n\n\n<p>Les remplacements&nbsp;<em>(demande \u00e0 formuler par \u00e9crit)<\/em>&nbsp;sont admis et ceci dans un d\u00e9lai maximum de 2 ans<\/p>\n\n\n\n<p><strong>&gt;&gt; STAGES INTRA PACKAGES<\/strong><\/p>\n\n\n\n<p><strong>Une solution cl\u00e9 en main !<\/strong><\/p>\n\n\n\n<ul>\n<li><strong>Ce Forfait comprend :<\/strong><\/li>\n<\/ul>\n\n\n\n<p>\u2013 Une session de formation dans vos locaux s\u2019appuyant sur un programme \u00ab&nbsp;cl\u00e9 en main&nbsp;\u00bb,<br>\u2013 La possibilit\u00e9 de former jusqu\u2019\u00e0 10 collaborateurs par session,<br>\u2013 La validation de vos objectifs et du programme choisi dans notre catalogue, r\u00e9alis\u00e9s par t\u00e9l\u00e9phone avec un formateur expert,<br>\u2013 L\u2019ensemble des supports de la formation d\u00e9mat\u00e9rialis\u00e9s, t\u00e9l\u00e9chargeables sur un espace client privil\u00e9gi\u00e9, et\/ou avec impression par vos soins en cas de n\u00e9cessit\u00e9<br>\u2013 Les dates de formation de votre choix<br>\u2013 Aucuns frais de conception d\u2019ing\u00e9nierie p\u00e9dagogique et l\u2019application de notre tarif\/jour HT&nbsp;<em>(devis sur simple demande)<\/em><\/p>\n\n\n\n<p><strong>Les conditions et moyens de paiement restent identiques \u00e0 ceux \u00e9voqu\u00e9s ci-dessous, pour les stages en sur mesure.<\/strong><\/p>\n\n\n\n<p><strong>&gt;&gt; STAGES INTRA-SUR MESURE<\/strong><\/p>\n\n\n\n<p><strong>Si vous souhaitez aller plus loin et adapter davantage la formation \u00e0 votre contexte, nous &nbsp;sommes \u00e0 votre \u00e9coute pour vous accompagner et \u00e9tudier votre besoin !<\/strong><\/p>\n\n\n\n<p><a href=\"http:\/\/bcs-conseils.com\/index.php\/thomas-lorette\/\"><strong>Contactez-nous<\/strong><\/a><\/p>\n\n\n\n<p>Pour chaque action de formation une convention \u00e9tablie selon les articles L 6353-1 et L 6353-2 du Code du travail est adress\u00e9e en un exemplaire par mail. Cet exemplaire est \u00e0 retourner par le Client,&nbsp; rev\u00eatu de la signature du client commanditaire et du cachet de l\u2019entreprise. En fin de formation, la Feuille d\u2019Emargement est jointe \u00e0 la facture et adress\u00e9e par mail sur demande. Une attestation d\u00e9mat\u00e9rialis\u00e9e de suivi de formation est envoy\u00e9e au Responsable commanditaire \u00e0 transmettre aux stagiaires.<\/p>\n\n\n\n<p>Les d\u00e9lais d\u2019acc\u00e8s \u00e0 la formation sont de 3 semaines au minimum&nbsp;<em>(temps de traitement des dossiers).<\/em><\/p>\n\n\n\n<ul>\n<li><strong>R\u00e8glement par un OPCO<\/strong><\/li>\n<\/ul>\n\n\n\n<p>En cas de r\u00e8glement par l\u2019OPCO dont d\u00e9pend le Client, il appartient au Client d\u2019effectuer la demande de prise en charge avant le d\u00e9but de la formation aupr\u00e8s de l\u2019OPCO. L\u2019accord de financement doit \u00eatre communiqu\u00e9 au moment de l\u2019inscription et sur l\u2019exemplaire de la convention que le Client retourne sign\u00e9 \u00e0 <strong>Business Consulting Services<\/strong><\/p>\n\n\n\n<p>En cas de prise en charge partielle par l\u2019OPCO, la diff\u00e9rence sera directement factur\u00e9e par <strong>Business Consulting Services<\/strong> au Client. Si l\u2019accord de prise en charge de l\u2019OPCO ne parvient pas \u00e0 <strong>Business Consulting Services<\/strong> au premier jour de la formation, <strong>Business Consulting Services<\/strong> se r\u00e9serve la possibilit\u00e9 de facturer la totalit\u00e9 des frais de formation au Client.<\/p>\n\n\n\n<ul>\n<li><strong>Annulation des formations en pr\u00e9sentiel \u00e0 l\u2019initiative du Client<\/strong><\/li>\n<\/ul>\n\n\n\n<p>Les dates de formation en pr\u00e9sentiel sont fix\u00e9es d\u2019un commun accord entre <strong>Business Consulting Services<\/strong> et le Client et sont bloqu\u00e9es de fa\u00e7on ferme. En cas d\u2019annulation tardive par le Client d\u2019une session de formation planifi\u00e9e en commun, des indemnit\u00e9s compensatrices sont dues dans les conditions suivantes :<\/p>\n\n\n\n<p>\u2013 report ou annulation communiqu\u00e9 au moins 30 jours ouvr\u00e9s avant la session : aucune indemnit\u00e9,<\/p>\n\n\n\n<p>\u2013 report ou annulation communiqu\u00e9 moins de 30 jours et au moins 15 jours ouvr\u00e9s avant la session : 30 % des honoraires relatifs \u00e0 la session seront factur\u00e9s au Client,<\/p>\n\n\n\n<p>\u2013 report ou annulation communiqu\u00e9 moins de 15 jours ouvr\u00e9s avant la session : 70 % des honoraires relatifs \u00e0 la session seront factur\u00e9s au Client<\/p>\n\n\n\n<ul>\n<li><strong>Modalit\u00e9s de passation des Commandes<\/strong><\/li>\n<\/ul>\n\n\n\n<p>La proposition commerciale (devis) et les prix indiqu\u00e9s par <strong>Business Consulting Services<\/strong> sont valables un (1) mois \u00e0 compter de l\u2019envoi du devis. L\u2019offre de services est r\u00e9put\u00e9e accept\u00e9e d\u00e8s la r\u00e9ception par <strong>Business Consulting Services<\/strong> du devis et\/ou de la convention de formation sign\u00e9e par tout repr\u00e9sentant d\u00fbment habilit\u00e9 du Client, dans le d\u00e9lai d\u2019un (1) mois \u00e0 compter de l\u2019\u00e9mission de la dite convention.<\/p>\n\n\n\n<p>La signature de la convention et\/ou l\u2019accord sur proposition implique la connaissance et l\u2019acceptation irr\u00e9vocable et sans r\u00e9serve des pr\u00e9sentes conditions, lesquelles pourront \u00eatre modifi\u00e9es par <strong>Business Consulting Services<\/strong> \u00e0 tout moment, sans pr\u00e9avis, et sans que cette modification ouvre droit \u00e0 indemnit\u00e9 au profit du Client.<\/p>\n\n\n\n<ul>\n<li><strong>Facturation<\/strong><\/li>\n<\/ul>\n\n\n\n<p>Tous les prix sont exprim\u00e9s en euros et hors taxes. Ils seront major\u00e9s de la TVA au taux en vigueur. Les \u00e9ventuels droits de douane ou d\u2019importation, &nbsp;taxes, ainsi que les frais bancaires occasionn\u00e9s par le mode de paiement utilis\u00e9 seront \u00e0 la charge du Client.<\/p>\n\n\n\n<p>Les frais de d\u00e9placement du (ou des) consultant(s)- formateur(s) ainsi que les frais de location de salle, de documentation et de location de mat\u00e9riel courant (vid\u00e9o projecteur, ou tout type de mat\u00e9riel n\u00e9cessaire \u00e0 la formation\/animation, \u2026) sont factur\u00e9s en sus.<\/p>\n\n\n\n<ul>\n<li><strong>R\u00e8glements<\/strong><\/li>\n<\/ul>\n\n\n\n<p>Sauf convention contraire, les r\u00e8glements seront effectu\u00e9s aux conditions suivantes :<\/p>\n\n\n\n<p>\u2013 le paiement comptant doit \u00eatre effectu\u00e9 par le Client, au plus tard dans un d\u00e9lai de 30 (trente) jours \u00e0 compter de la date de la facture,<\/p>\n\n\n\n<p>\u2013 le r\u00e8glement est accept\u00e9 par r\u00e8glement domicili\u00e9 automatique (pr\u00e9l\u00e8vement), ch\u00e8que, virement bancaire ou postal,<\/p>\n\n\n\n<p>\u2013 aucun escompte ne sera appliqu\u00e9 en cas de r\u00e8glement avant l\u2019\u00e9ch\u00e9ance, sauf mention diff\u00e9rente indiqu\u00e9e sur la facture.<\/p>\n\n\n\n<p>En cas de retard de paiement, <strong>Business Consulting Services<\/strong> pourra suspendre toutes les commandes en cours sans pr\u00e9judice de toute autre voie d\u2019action. Toute somme non pay\u00e9e \u00e0 \u00e9ch\u00e9ance entra\u00eene de plein droit et sans mise en demeure pr\u00e9alable, l\u2019application de p\u00e9nalit\u00e9s d\u2019un montant \u00e9gal \u00e0 trois fois le taux d\u2019int\u00e9r\u00eat l\u00e9gal.<\/p>\n\n\n\n<p><strong>Business Consulting Services<\/strong> aura la facult\u00e9 de suspendre la prestation de service jusqu\u2019\u00e0 complet paiement et obtenir le r\u00e8glement par voie contentieuse aux frais du Client sans pr\u00e9judice des autres dommages et int\u00e9r\u00eats qui pourraient \u00eatre dus \u00e0 <strong>Business Consulting Services<\/strong>.<\/p>\n\n\n\n<p>Conform\u00e9ment \u00e0 l\u2019article L 441-6 du Code de commerce, tout paiement post\u00e9rieur \u00e0 la date d\u2019exigibilit\u00e9 donnera lieu au paiement d\u2019une indemnit\u00e9 forfaitaire de 50 \u20ac pour frais de recouvrement. Une indemnit\u00e9 compl\u00e9mentaire pourra \u00eatre r\u00e9clam\u00e9e, sur justificatif, si les frais de recouvrement expos\u00e9s sont sup\u00e9rieurs au montant de l\u2019indemnit\u00e9 forfaitaire.<\/p>\n\n\n\n<ul>\n<li><strong>Limitation de responsabilit\u00e9 de <strong>Business Consulting Services<\/strong><\/strong><\/li>\n<\/ul>\n\n\n\n<p>La responsabilit\u00e9 de <strong>Business Consulting Services<\/strong> ne peut en aucun cas \u00eatre engag\u00e9e pour toute d\u00e9faillance technique du mat\u00e9riel ou toute cause \u00e9trang\u00e8re \u00e0 <strong>Business Consulting Services<\/strong>.<\/p>\n\n\n\n<p>Quel que soit le type de prestations, la responsabilit\u00e9 de <strong>Business Consulting Services<\/strong> est express\u00e9ment limit\u00e9e \u00e0 l\u2019indemnisation des dommages directs prouv\u00e9s par le Client. La responsabilit\u00e9 de <strong>Business Consulting Services<\/strong> est plafonn\u00e9e au montant du prix pay\u00e9 par le Client au titre de la prestation concern\u00e9e.<\/p>\n\n\n\n<p>En aucun cas, la responsabilit\u00e9 de <strong>Business Consulting Services<\/strong> ne saurait \u00eatre engag\u00e9e au titre des dommages indirects tels que perte de donn\u00e9es, de fichier(s), perte d\u2019exploitation, pr\u00e9judice commercial, manque \u00e0 gagner, atteinte \u00e0 l\u2019image et \u00e0 la r\u00e9putation.<\/p>\n\n\n\n<ul>\n<li><strong>Force majeure<\/strong><\/li>\n<\/ul>\n\n\n\n<p><strong>Business Consulting Services<\/strong> ne pourra \u00eatre tenue responsable \u00e0 l\u2019\u00e9gard du Client en cas d\u2019inex\u00e9cution de ses obligations r\u00e9sultant d\u2019un \u00e9v\u00e8nement de force majeure. Sont consid\u00e9r\u00e9s comme cas de force majeure ou cas fortuit, outre ceux habituellement reconnus par la jurisprudence des Cours et Tribunaux fran\u00e7ais et sans que cette liste soit restrictive : la maladie ou l\u2019accident d\u2019un consultant-formateur, les gr\u00e8ves ou conflits sociaux internes ou externes \u00e0 <strong>Business Consulting Services<\/strong>, les d\u00e9sastres naturels, les pand\u00e9mies, les incendies, la non obtention de visas, des autorisations de travail ou d\u2019autres permis, les lois ou r\u00e8glements mis en place ult\u00e9rieurement, l\u2019interruption des t\u00e9l\u00e9communications, l\u2019interruption de l\u2019approvisionnement en \u00e9nergie, interruption des communications ou des transports de tout type, ou toute autre circonstance \u00e9chappant au contr\u00f4le raisonnable de <strong>Business Consulting Services<\/strong><\/p>\n\n\n\n<ul>\n<li><strong>Propri\u00e9t\u00e9 intellectuelle<\/strong><\/li>\n<\/ul>\n\n\n\n<p><strong>Business Consulting Services<\/strong> est seule titulaire des droits de propri\u00e9t\u00e9 intellectuelle de l\u2019ensemble des formations qu\u2019elle propose \u00e0 ses Clients. \u00c0 cet effet, l\u2019ensemble des programmes, &nbsp;contenus et supports p\u00e9dagogiques quelle qu\u2019en soit la forme (papier, \u00e9lectronique, num\u00e9rique, orale, \u2026) utilis\u00e9s par <strong>Business Consulting Services<\/strong> pour assurer les formations, demeurent la propri\u00e9t\u00e9 exclusive de <strong>Business Consulting Services<\/strong>.<\/p>\n\n\n\n<p>Ces documents sont tous d\u00e9pos\u00e9s aupr\u00e8s d\u2019organismes de protection de droits d\u2019auteurs.<\/p>\n\n\n\n<p>\u00c0 ce titre ils ne peuvent faire l\u2019objet d\u2019aucune utilisation, transformation, reproduction, exploitation non express\u00e9ment autoris\u00e9e au sein ou \u00e0 l\u2019ext\u00e9rieur du Client sans accord expr\u00e8s de <strong>Business Consulting Services<\/strong>.<\/p>\n\n\n\n<p>En particulier, le Client s\u2019interdit d\u2019utiliser le contenu des formations pour former d\u2019autres personnes que son propre personnel et engage sa responsabilit\u00e9 sur le fondement des articles L. 122-4 et L. 335-2 et suivants du code de la propri\u00e9t\u00e9 intellectuelle en cas de cession ou de communication des contenus non autoris\u00e9e (2 ans d\u2019emprisonnement et 300&nbsp;000 \u20ac d\u2019amende).<\/p>\n\n\n\n<p>Toute reproduction, repr\u00e9sentation, modification, publication, transmission, d\u00e9naturation, totale ou partielle des contenus de formations sont strictement interdites, et ce quels que soient le proc\u00e9d\u00e9 et le support utilis\u00e9s.<\/p>\n\n\n\n<ul>\n<li><strong>Confidentialit\u00e9<\/strong><\/li>\n<\/ul>\n\n\n\n<p>Les parties s\u2019engagent \u00e0 garder confidentiels les informations et documents<\/p>\n\n\n\n<p><strong>Business Consulting Services<\/strong> s\u2019engage \u00e0 ne pas communiquer \u00e0 des tiers autres que ses partenaires ou fournisseurs, les informations transmises par le Client, y compris les informations concernant les utilisateurs, dans le cadre du contrat \u00e9mis.<\/p>\n\n\n\n<ul>\n<li><strong>Communication<\/strong><\/li>\n<\/ul>\n\n\n\n<p>Le Client accepte d\u2019\u00eatre cit\u00e9 par <strong>Business Consulting Services<\/strong> comme client de ses offres de services, et accepte que son nom soit mentionn\u00e9, son logo ainsi qu\u2019une description objective de la nature des prestations, objet du contrat, dans ses listes de r\u00e9f\u00e9rences et propositions \u00e0 l\u2019attention de ses prospects et de sa client\u00e8le notamment sur son site internet, entretiens avec des tiers, communications \u00e0 son personnel, documents internes de gestion pr\u00e9visionnelle, rapport annuel aux actionnaires, ainsi qu\u2019en cas de dispositions l\u00e9gales, r\u00e9glementaires ou comptables l\u2019exigeant.<\/p>\n\n\n\n<ul>\n<li><strong>Accessibilit\u00e9 des ERP aux personnes handicap\u00e9es<\/strong><\/li>\n<\/ul>\n\n\n\n<p>Les salles choisies pour les formations&nbsp;suivent les normes d\u2019accessibilit\u00e9 et permettent aux personnes handicap\u00e9es de circuler avec la plus grande autonomie possible, d\u2019acc\u00e9der aux locaux et \u00e9quipements, d\u2019utiliser les \u00e9quipements et les prestations, de se rep\u00e9rer et de communiquer.<\/p>\n\n\n\n<p>L\u2019acc\u00e8s concerne tout type de handicap (moteur, visuel, auditif, mental\u2026). Les conditions d\u2019acc\u00e8s sont les m\u00eames que pour les personnes valides.<\/p>\n\n\n\n<p>Les pr\u00e9sentes conditions g\u00e9n\u00e9rales sont r\u00e9gies par le droit fran\u00e7ais. En cas de litige survenant entre le client et <strong>Business Consulting Services<\/strong> \u00e0 l\u2019occasion de l\u2019ex\u00e9cution du contrat, il sera recherch\u00e9 une solution \u00e0 l\u2019amiable et, \u00e0 d\u00e9faut, le r\u00e8glement sera du ressort du tribunal de commerce de Nanterre.<\/p>\n\n\n\n<ul>\n<li><strong>R\u00e9clamations<\/strong> : En cas d&rsquo;insatisfaction et\/ou de r\u00e9clamation, vous \u00eates invit\u00e9s \u00e0 nous en faire part par mail \u00e0 l&rsquo;adresse suivante : t.lorette@bcs-conseils.com   Un retour vous sera fait sous 48h.<\/li>\n<\/ul>\n\n\n\n<p><strong>Business Consulting Services<\/strong>                a<em>ctualisation f\u00e9vrier 202<\/em>4<\/p>\n","protected":false},"excerpt":{"rendered":"<p>&gt; STAGES INTER ENTREPRISES Conditions de participation Conform\u00e9ment \u00e0 la loi sur la formation professionnelle, les participants \u00e0 nos ateliers sont enregistr\u00e9s au fur et \u00e0 mesure de la r\u00e9ception de leur inscription et de la r\u00e9ception du r\u00e8glement correspondant &hellip; <a href=\"http:\/\/bcs-conseils.com\/index.php\/conditions-generales\/\">Continuer la lecture <span class=\"meta-nav\">&rarr;<\/span><\/a><\/p>\n","protected":false},"author":1,"featured_media":0,"parent":0,"menu_order":0,"comment_status":"closed","ping_status":"closed","template":"","meta":{"footnotes":""},"_links":{"self":[{"href":"http:\/\/bcs-conseils.com\/index.php\/wp-json\/wp\/v2\/pages\/238"}],"collection":[{"href":"http:\/\/bcs-conseils.com\/index.php\/wp-json\/wp\/v2\/pages"}],"about":[{"href":"http:\/\/bcs-conseils.com\/index.php\/wp-json\/wp\/v2\/types\/page"}],"author":[{"embeddable":true,"href":"http:\/\/bcs-conseils.com\/index.php\/wp-json\/wp\/v2\/users\/1"}],"replies":[{"embeddable":true,"href":"http:\/\/bcs-conseils.com\/index.php\/wp-json\/wp\/v2\/comments?post=238"}],"version-history":[{"count":5,"href":"http:\/\/bcs-conseils.com\/index.php\/wp-json\/wp\/v2\/pages\/238\/revisions"}],"predecessor-version":[{"id":319,"href":"http:\/\/bcs-conseils.com\/index.php\/wp-json\/wp\/v2\/pages\/238\/revisions\/319"}],"wp:attachment":[{"href":"http:\/\/bcs-conseils.com\/index.php\/wp-json\/wp\/v2\/media?parent=238"}],"curies":[{"name":"wp","href":"https:\/\/api.w.org\/{rel}","templated":true}]}}