{"id":27,"date":"2017-05-04T15:15:52","date_gmt":"2017-05-04T13:15:52","guid":{"rendered":"http:\/\/bcs-conseils.com\/?page_id=27"},"modified":"2025-12-23T09:54:38","modified_gmt":"2025-12-23T08:54:38","slug":"nos-realisations","status":"publish","type":"page","link":"http:\/\/bcs-conseils.com\/index.php\/nos-realisations\/","title":{"rendered":"Nos r\u00e9alisations"},"content":{"rendered":"\n<ul>\n<li><strong>Groupe YZICO<\/strong> (cabinet d\u2019expertise comptable)<\/li>\n<\/ul>\n\n\n\n<p>&#8211; Conception et animation de formations pour fusionner les pratiques manag\u00e9riales et red\u00e9finir une politique manag\u00e9riale groupe dans le cadre de la fusion de trois cabinets d\u2019expertise comptable.. <\/p>\n\n\n\n<p>&#8211; Formation des associ\u00e9s au management. Animation de s\u00e9minaires management<\/p>\n\n\n\n<p>&#8211; Formation des collaborateurs \u00e0 la gestion de la relation client.<\/p>\n\n\n\n<ul>\n<li><strong>ENEDIS<\/strong> Service Achat<\/li>\n<\/ul>\n\n\n\n<p>Conception et animation de 4 sessions de formations pour le CODIR et les managers de BU \u00e0 la <strong>communication manag\u00e9riale<\/strong>.<\/p>\n\n\n\n<ul>\n<li><strong>Thelem Assurances<\/strong><\/li>\n<\/ul>\n\n\n\n<p>Mission d\u2019accompagnement de plusieurs groupes de managers et de managers de managers sur un parcours de formation en 8 \u00e9tapes autour <strong>des styles de management, la posture manager coach, la communication manag\u00e9riale, et le recrutement.<\/strong><\/p>\n\n\n\n<ul>\n<li><strong>Luxair<\/strong><\/li>\n<\/ul>\n\n\n\n<p>Formation de rappel de 3j en anglais sur les <strong>fondamentaux du management<\/strong> pour les responsables de services<\/p>\n\n\n\n<ul>\n<li><strong>La Poste Mobile<\/strong><\/li>\n<\/ul>\n\n\n\n<p>Formations des managers sur les \u00e9volutions des modes et techniques de management<strong>. Management \u00e0 distance et management hybride, posture manager coach, management interg\u00e9n\u00e9rationnel, et management situationnel.<\/strong><\/p>\n\n\n\n<ul>\n<li><strong>CEE Schisler<\/strong><\/li>\n<\/ul>\n\n\n\n<p>Formation des directeurs de services au <strong>management interg\u00e9n\u00e9rationnel<\/strong>.<\/p>\n\n\n\n<ul>\n<li><strong>Groupe Rossignol<\/strong><\/li>\n<\/ul>\n\n\n\n<p>Formations des managers au <strong>management en mode hybride<\/strong><\/p>\n\n\n\n<ul>\n<li><strong>APREVA <\/strong>(Compl\u00e9mentaire sant\u00e9)<\/li>\n<\/ul>\n\n\n\n<p>Conduite d\u2019ateliers de <strong>Co-D\u00e9veloppement <\/strong>sur la th\u00e9matique manag\u00e9riale avec les animatrices de vente.<\/p>\n\n\n\n<ul>\n<li><strong>Zeemann France<\/strong><\/li>\n<\/ul>\n\n\n\n<p>Animation d\u2019une formation sur le <strong>management de proximit\u00e9 et management \u00e0 distance <\/strong>pour les responsables de zones<\/p>\n\n\n\n<ul>\n<li><strong>Minist\u00e8re des arm\u00e9es<\/strong><\/li>\n<\/ul>\n\n\n\n<p>Conception et animation d\u2019une formation sur <strong>le management interg\u00e9n\u00e9rationnel<\/strong> avec les personnels civils responsables d\u2019\u00e9quipes.<\/p>\n\n\n\n<ul>\n<li><strong>Henkel<\/strong> France&nbsp;<\/li>\n<\/ul>\n\n\n\n<p>Animation de 9 sessions de formations en anglais et en fran\u00e7ais sur <strong>l\u2019Intercultural Management<\/strong>, <strong>le Leadership<\/strong>, le <strong>Talent Management Process<\/strong>, <strong>conflict solving and moderating skills<\/strong>, dans le cadre d\u2019un parcours de formation interne Essential I et II et Intermediate.<\/p>\n\n\n\n<ul>\n<li><strong>CABEX<\/strong> (r\u00e9seau de cabinet d\u2019expertise comptable)<\/li>\n<\/ul>\n\n\n\n<p>Conception et animation de 11 sessions de formation sur 3 ans, sur les <strong>fondamentaux du management<\/strong> pour des responsables d\u2019\u00e9quipes.<\/p>\n\n\n\n<ul>\n<li><strong>ProContain<\/strong> (Construction de b\u00e2timent modulaires)<\/li>\n<\/ul>\n\n\n\n<p>Conception et animation de 3 sessions de formations sur <strong>la coh\u00e9sion d\u2019\u00e9quipe et la communication manag\u00e9riale<\/strong> aupr\u00e8s des directeurs de secteurs.<\/p>\n\n\n\n<ul>\n<li><strong>Groupe Partouche<\/strong><\/li>\n<\/ul>\n\n\n\n<p>Conception et animation de formations sur le <strong>management d\u2019\u00e9quipe, le leadership, les entretiens annuels, le recadrage, la posture manag\u00e9riale, le recrutement, la motivation des \u00e9quipes, la gestion du temps<\/strong> et <strong>le tutorat <\/strong>pour les membres des comit\u00e9s de direction et les responsables d\u2019\u00e9quipes de 42 casinos sur 7 ans.<\/p>\n\n\n\n<ul>\n<li><strong>Groupe Pernod Ricard<\/strong><\/li>\n<\/ul>\n\n\n\n<p>Coaching des managers de production dans <strong>l\u2019affirmation de soi, l\u2019assertivit\u00e9<\/strong>. D\u00e9briefing du test Success Insights\u00ae.<\/p>\n\n\n\n<ul>\n<li><strong>Le Lynx<\/strong> (Comparateur d\u2019assurances)<\/li>\n<\/ul>\n\n\n\n<p>Conception et animation d\u2019un module de <strong>management situationnel<\/strong> avec le comit\u00e9 de direction.<\/p>\n\n\n\n<ul>\n<li><strong>CCI de Paris<\/strong><\/li>\n<\/ul>\n\n\n\n<p>Conception et animation de 6 sessions de formations sur 2 ans sur <strong>le travail en \u00e9quipe<\/strong> avec les \u00e9quipes des diff\u00e9rents services.<\/p>\n\n\n\n<ul>\n<li><strong>Groupe Amcor<\/strong> (Sp\u00e9cialiste de l\u2019industrie de l\u2019emballage)<\/li>\n<\/ul>\n\n\n\n<p>Conception et animation d\u2019une session d\u2019accompagnement des cadres sur la probl\u00e9matique des <strong>entretiens annuels d\u2019\u00e9valuation<\/strong>.<\/p>\n\n\n\n<ul>\n<li><strong>Hotel Radisson<\/strong> Paris Haussmann<\/li>\n<\/ul>\n\n\n\n<p>Conception et animation de 6 sessions de formations sur 4 mois sur <strong>le management et la gestion du temps<\/strong> pour les responsables de services.<\/p>\n\n\n\n<ul>\n<li><strong>Secretary+<\/strong> (Soci\u00e9t\u00e9 de secr\u00e9tariat d\u2019int\u00e9rim)<\/li>\n<\/ul>\n\n\n\n<p>Coaching du manager de l\u2019\u00e9quipe commerciale sur <strong>la posture et la communication manag\u00e9riale<\/strong>.<\/p>\n\n\n\n<ul>\n<li><strong>MGET<\/strong> (Mutuelle sant\u00e9)<\/li>\n<\/ul>\n\n\n\n<p>Conception et animation d\u2019une formation sur <strong>l\u2019efficacit\u00e9 manag\u00e9riale<\/strong> avec des responsables de secteurs.<\/p>\n\n\n\n<ul>\n<li><strong>ENGIE<\/strong> Paris &nbsp;&nbsp;<\/li>\n<\/ul>\n\n\n\n<p>Conception et animation de 8 sessions de formations sur 2 ans, sur le <strong>management \u00e0 distance<\/strong> pour des responsables de sites de stockage.<\/p>\n\n\n\n<ul>\n<li><strong>ANSA<\/strong> (Agence Nouvelle des Solidarit\u00e9s Actives)<\/li>\n<\/ul>\n\n\n\n<p>Conception et animation d\u2019un module de <strong>prise de parole en public<\/strong> pour les responsables de services.<\/p>\n\n\n\n<ul>\n<li><strong>Alliance7<\/strong> (F\u00e9d\u00e9ration des produits de l\u2019\u00e9picerie- syndicat interprofessionnel)<\/li>\n<\/ul>\n\n\n\n<p>Conception et animation d\u2019un module sur \u00ab&nbsp;<strong>argumenter pour convaincre<\/strong>&nbsp;\u00bb aupr\u00e8s des responsables de services.<\/p>\n\n\n\n<ul>\n<li><strong>Holiday Inn <\/strong>Paris Montparnasse<\/li>\n<\/ul>\n\n\n\n<p>Animation d\u2019un module <strong>management des services<\/strong> pour les responsables de services.<\/p>\n\n\n\n<ul>\n<li><strong>ING<\/strong> (Banque en ligne)<\/li>\n<\/ul>\n\n\n\n<p>Animation de 7 sessions sur 6 mois d\u2019un module de <strong>management par l\u2019intelligence \u00e9motionnelle<\/strong>.<\/p>\n\n\n\n<ul>\n<li><strong>DK Bus Marine <\/strong>(R\u00e9gie des transports urbains de Dunkerque)<\/li>\n<\/ul>\n\n\n\n<p>Conception et animation de 8 sessions de formation sur 1 an sur <strong>les fondamentaux du management op\u00e9rationnel<\/strong> pour des managers et chefs d\u2019\u00e9quipes.<\/p>\n\n\n\n<ul>\n<li><strong>Bois &amp; Chiffons <\/strong>(Magasins de meuble et d\u00e9coration)<\/li>\n<\/ul>\n\n\n\n<p>Coaching des futurs responsables de magasin. Mise en place d\u2019action de communication interne et de formation des forces de vente.<\/p>\n\n\n\n<ul>\n<li><strong>Clarins<\/strong> (Cosmetics)<\/li>\n<\/ul>\n\n\n\n<p>Conception et animation d\u2019un module de <strong>management par la motivation et de leadership<\/strong> pour des responsables de services.<\/p>\n\n\n\n<ul>\n<li><strong>Soci\u00e9t\u00e9 G\u00e9n\u00e9rale<\/strong> (Banque)<\/li>\n<\/ul>\n\n\n\n<p>Animation de 5 sessions sur 6 mois, d\u2019un module sur le <strong>tutorat de la g\u00e9n\u00e9ration Y<\/strong>.<\/p>\n\n\n\n<ul>\n<li><strong>Groupe PSA<\/strong> Peugeot Citro\u00ebn<\/li>\n<\/ul>\n\n\n\n<p>Conception et animation de 9 sessions sur 1 an d\u2019un module d\u2019information et de sensibilisation sur <strong>la responsabilit\u00e9 des managers sur le bien-\u00eatre au travail face aux risques psychosociaux<\/strong> aupr\u00e8s de 198 dirigeants.<\/p>\n\n\n\n<ul>\n<li><\/li>\n<\/ul>\n\n\n\n<ul>\n<li><strong>Benefit<\/strong>(Groupe LVMH)<\/li>\n<\/ul>\n\n\n\n<p>Conception et animation d\u2019une formation \u00ab&nbsp;<strong>Distance management<\/strong>&nbsp;\u00bb, en anglais, pour les 10 country-managers de la zone Europe.<\/p>\n\n\n\n<ul>\n<li><strong>Qosmos<\/strong> (soci\u00e9t\u00e9 de d\u00e9veloppement informatique)<\/li>\n<\/ul>\n\n\n\n<p>Conception et animation d\u2019un module <strong>gestion du temps<\/strong> pour les managers d\u2019\u00e9quipes.<\/p>\n","protected":false},"excerpt":{"rendered":"<p>&#8211; Conception et animation de formations pour fusionner les pratiques manag\u00e9riales et red\u00e9finir une politique manag\u00e9riale groupe dans le cadre de la fusion de trois cabinets d\u2019expertise comptable.. &#8211; Formation des associ\u00e9s au management. Animation de s\u00e9minaires management &#8211; Formation &hellip; <a href=\"http:\/\/bcs-conseils.com\/index.php\/nos-realisations\/\">Continuer la lecture <span class=\"meta-nav\">&rarr;<\/span><\/a><\/p>\n","protected":false},"author":1,"featured_media":0,"parent":0,"menu_order":0,"comment_status":"closed","ping_status":"closed","template":"","meta":{"footnotes":""},"_links":{"self":[{"href":"http:\/\/bcs-conseils.com\/index.php\/wp-json\/wp\/v2\/pages\/27"}],"collection":[{"href":"http:\/\/bcs-conseils.com\/index.php\/wp-json\/wp\/v2\/pages"}],"about":[{"href":"http:\/\/bcs-conseils.com\/index.php\/wp-json\/wp\/v2\/types\/page"}],"author":[{"embeddable":true,"href":"http:\/\/bcs-conseils.com\/index.php\/wp-json\/wp\/v2\/users\/1"}],"replies":[{"embeddable":true,"href":"http:\/\/bcs-conseils.com\/index.php\/wp-json\/wp\/v2\/comments?post=27"}],"version-history":[{"count":12,"href":"http:\/\/bcs-conseils.com\/index.php\/wp-json\/wp\/v2\/pages\/27\/revisions"}],"predecessor-version":[{"id":327,"href":"http:\/\/bcs-conseils.com\/index.php\/wp-json\/wp\/v2\/pages\/27\/revisions\/327"}],"wp:attachment":[{"href":"http:\/\/bcs-conseils.com\/index.php\/wp-json\/wp\/v2\/media?parent=27"}],"curies":[{"name":"wp","href":"https:\/\/api.w.org\/{rel}","templated":true}]}}